. Suppose -26 = 2*b - 4*u, -3*b + 2*u = c*u - 1. Let o(g) = g**2 + 5*g - 2. Determine o(b).
-2
Suppose -y + 15 = -6*y. Let g be (-2)/(-3) + 2 + (-7)/y. Let t(a) = a**2 - 6*a + 1. What is t(g)?
-4
Let r(b) = 8*b + 5. Let j(h) = -9*h - 5. Let k(p) = -5*j(p) - 6*r(p). Let o(v) = 3*v + 4. Let s(w) = 4*k(w) + 3*o(w). Determine s(-8).
16
Let v(m) = m**3 - 7*m**2 - m + 10. Let z be v(7). Suppose 3*q - 3*i + 30 = 0, 2*q + z*q + 4*i + 5 = 0. Let t(o) = -2*o**2 - 7*o + 1. Give t(q).
-14
Let v(l) = -13*l**2 - 6*l - 7. Let y(f) = 4*f**2 + 2*f + 2. Let s(d) = -2*v(d) - 7*y(d). Let a(n) = 3*n + 6*n - 2*n - 5*n + 4. Let g be a(-3). Give s(g).
-4
Let s = 211 + -79. Let z = -72 + s. Let l be (-2)/(-6)*z/(-4). Let c(q) = q**3 + 6*q**2 + 4*q - 7. Give c(l).
-2
Let t(u) be the first derivative of 1/12*u**4 + 0*u - 12 - 1/120*u**5 + 0*u**2 + 2*u**3. Let a(q) be the third derivative of t(q). Give a(-4).
6
Let z(c) = -c**3 - 5*c**2 + 4. Let j be z(-5). Let r(d) be the first derivative of -d**2/2 + 4*d + 125. What is r(j)?
0
Let n = 275 - 267. Let r(u) = 4*u - 11. What is r(n)?
21
Let m(t) be the third derivative of t**5/60 - 5*t**4/12 - t**3/6 + t**2. Let k(r) = -r**2 + 9*r + 1. Let g(s) = -3*k(s) - 2*m(s). Calculate g(6).
-7
Let r(k) = -3*k**3 + 0 + k - 3*k**2 + 2*k**3 + 3. Let l(j) = -j - 7. Let u be (200/125)/((-1)/(-5)*-2). Let t be l(u). Determine r(t).
0
Let g(i) = 3*i + 3. Let o(s) = -2*s**2 + 39*s - 87. Let t be o(17). What is g(t)?
-3
Let i(r) be the first derivative of 13*r**2/2 + 2*r + 89. Give i(-2).
-24
Suppose -t + 2*q = -2, -5*q + 2 - 7 = -t. Suppose -5*v + 4*v + 28 = t. Let z = v - 24. Let n(k) = -k**2 + 2*k + 1. Calculate n(z).
-7
Let a(w) = -w**2 + 7*w + 9. Let k be (-28)/(-5) - 9/((-585)/26). Determine a(k).
15
Let t(i) be the first derivative of 0*i - 9/2*i**2 - 7 + 0*i**3 - 1/24*i**4. Let l(g) be the second derivative of t(g). What is l(8)?
-8
Suppose 2*l = -4*p - 20, -2*l = 2*p - 4*p - 4. Let g(f) = -f + 5. What is g(p)?
9
Let c(i) = i + 7. Let g = 164 - 175. Give c(g).
-4
Let u(a) be the first derivative of -3*a**2/2 + 3*a - 316. Give u(2).
-3
Let g(t) = -4*t. Let d(q) = 4*q - 3. Let p(m) = 3*d(m) + 2*g(m). What is p(3)?
3
Let x(w) = 8*w**2 - 1. Let m be x(-1). Suppose 28 = 5*c + 3*k - 4, 5*k - 36 = -4*c. Let n(u) = -2*u - 10*u + u**2 + 5*u - c. Determine n(m).
-4
Let d(z) = -8*z - 3. Let p(f) = f + 1. Let j(y) = d(y) + 5*p(y). Let u = 14 - 12. Suppose 2*k - m - 10 = -4*m, u*k - m = 2. Give j(k).
-4
Let c(z) = z**3 + z**2 - z + 1. Let i(w) = w**3 + 4*w**2 - w - 4. Let u be i(-4). Suppose 5*s = 4 + 6. Suppose u = -s*m - m. Give c(m).
1
Let b(w) = -2*w + 1. Let d be (12/(9/(-3)))/((-2)/1). Let h(g) = 1. Let u(q) = -2. Let a(f) = -h(f) - u(f). Let c(v) = d*a(v) - b(v). What is c(-1)?
-1
Let z(i) be the second derivative of i**5/20 + 7*i**4/12 + 2*i**3/3 - 2*i**2 - 53*i. What is z(-6)?
8
Let u(w) = w**2 - 2*w + 2. Let q be u(3). Suppose -o + q = -6*o. Let c(n) = -2*n**2 - 1. Determine c(o).
-3
Let h(b) = -b**2 + 5*b - 6. Let k(w) = w**2 - 2*w + 5. Let a be k(0). What is h(a)?
-6
Let y(h) = -23*h - 18. Let s(g) = 7*g + 5. Let i(v) = 7*s(v) + 2*y(v). Calculate i(-3).
-10
Let m(b) = -7*b**2 - 3. Let d(y) = -5*y**2 + y - 2. Let s(o) = -4*d(o) + 3*m(o). What is s(-5)?
-6
Let w(s) = s**3 + s**2 - s - 12. Let c(d) = -3*d - 1. Suppose -11*t + 8*t + 3 = 0. Let i be c(t). Let x = i - -4. What is w(x)?
-12
Let y be 9/(-2) - (-2)/4. Let s(b) = b**3 + 3*b**2 - 6*b - 1. Determine s(y).
7
Let m(n) be the second derivative of n**5/5 + n**4/6 + n**3/2 + n**2 + 42*n - 1. What is m(-2)?
-28
Suppose -17*a - 4*z = -13*a - 24, 0 = 5*a - 3*z - 30. Let o(n) = 4*n - 28. Determine o(a).
-4
Let w(p) = 1 + 524*p**3 + p - 4*p**2 - 1061*p**3 + 538*p**3. Give w(2).
-5
Let x(n) = 18849*n - 12*n**2 - 24 - 12*n**2 - 18830*n + 3*n**3 - 2*n**3 + 6*n**2. Determine x(17).
10
Let a(b) = 114*b**3 + b**2 - 2*b - 2. Let i be a(-1). Let t = -122 - i. Let k(w) = -1. Let v(j) = -j - 16. Let g(u) = 4*k(u) - v(u). What is g(t)?
3
Let p(u) = -4 - 16732*u**2 + 16733*u**2 - 4*u + 0*u. Give p(3).
-7
Let g(u) = -u**2 + 3*u - 2. Suppose 10*i - 8*i - 17 = -3*f, 5*i + 10 = 3*f. What is g(f)?
-12
Let g(r) be the first derivative of -r**3/3 + 3*r**2 - 4*r - 229. Give g(3).
5
Let q = 97 + -96. Let d(c) = 22*c + q - 14*c - 16*c. Determine d(1).
-7
Suppose -3 = a, 10*a = 3*n + 12*a - 12. Let z(y) be the third derivative of 11/6*y**3 - 1/24*y**4 - y**2 + 0 + 0*y. Give z(n).
5
Let s(c) = -c**3 + 3*c**2 + 3*c + 1. Let q(o) = -6*o**3 + 20*o**2 + 10*o + 6. Let u(k) = q(k) - 5*s(k). Suppose -y = 3*y - 16. Give u(y).
-3
Let g(a) = -2*a + 4. Let z(v) = 3*v + 0*v + 2*v - 2*v + 15. Let h be z(-4). Give g(h).
-2
Let f(l) = 2*l**2 + 2*l + 2. Let b = -24 - -27. Suppose 2*n + b*h - 8 = 0, -1 = -2*h + 7. What is f(n)?
6
Let l(d) = -5*d + 3 + 0*d + 3*d**2 - 5*d**2 + 0*d + d**3. Let y(s) = -s**2 - s. Let n be y(-3). Let j(k) = k**2 + 5*k - 3. Let i be j(n). Determine l(i).
-3
Let p(n) = -n**3 - 4*n**2 - 17*n + 3. Let q(m) = 3*m - 1. Let x(h) = p(h) + 5*q(h). Suppose 0 = -2*k - 2*l - 6, -25 = 5*k + l - 6*l. Calculate x(k).
6
Let z(h) = -13*h + 47. Let c(m) = 11*m - 39. Let s(w) = -6*c(w) - 5*z(w). What is s(4)?
-5
Let g(s) = s + 10. Let d be 1*(-3)/(-6)*-10. Determine g(d).
5
Let k(p) = -2*p**3 + 7*p**2 + 3*p + 9. Let i be ((-4)/(-22))/(144/3168). What is k(i)?
5
Let m(f) = -1680 - f + 6*f**2 + 1704 - 3*f + f**3 + f + 0*f. What is m(-7)?
-4
Let s(h) = -h**3 + h**2 - 3*h - 1. Let v(y) = -y**3 - y**2 + y + 1. Let b(c) = -s(c) + 3*v(c). Give b(-4).
44
Let q(n) = -5*n + 1. Suppose 6*t - 3*t + 51 = 0. Suppose 2*g - 44 + 6 = 0. Let f = g + t. Calculate q(f).
-9
Suppose -r - r - 10 = 0. Let j = r - -8. Let i(o) be the third derivative of -o**4/8 - o**3/3 + 354*o**2. Give i(j).
-11
Let q be (-261)/54 + (2/1 - -3). Let m(a) be the second derivative of 0*a**2 - 2*a - q*a**3 + 0. Calculate m(0).
0
Suppose -2*n + 5 = -697*d + 694*d, -5*n + 17 = -3*d. Let z(j) = -j**2 + 0*j - 4*j**2 + j. What is z(d)?
-4
Let y(a) = -9*a - 12. Let f(w) = -19*w - 25. Let b(q) = -4*f(q) + 9*y(q). Calculate b(-3).
7
Let a(f) = 2*f**2 - 3*f - 8. Let s be a(6). Let c(v) = s*v**2 - 4 - v**3 - 40*v**2 + 7. Suppose h = -4*r + 6*h + 44, 0 = -2*r + 3*h + 24. What is c(r)?
3
Let h(m) = -m**3 - 5*m**2 + 7*m + 5. Let o(y) = -20*y**2 - 8*y + 14*y**2 - y**3 + y. Let l be o(-3). Calculate h(l).
-1
Let z(i) = -4. Let m(o) = -3*o - 22. Let r(f) = -m(f) + 6*z(f). Give r(5).
13
Let q be (-17)/3 - 2/6. Let h(l) be the third derivative of 0*l + 5/24*l**4 + 2*l**2 + 0 + 1/60*l**5 + 1/3*l**3. Give h(q).
8
Let j(x) = x**3 - x - 1. Let o(l) = 7*l**3 - 5*l**2 - l - 10. Let b(w) = 6*j(w) - o(w). Let u = -2 - -5. Calculate b(u).
7
Suppose 0*m = -5*m + 5*u - 15, -4*u = 0. Let q be (-1)/((-2)/(-18)*m). Let x(w) = -q*w**3 + 2 - 6*w**2 + 1 + 4*w**3 + w - 1. What is x(6)?
8
Let t(u) = u**3 + 7*u**2 - 3*u - 3. Suppose 4*l + 2 = 5*a - 1, 5*l + 3*a = -50. Calculate t(l).
18
Let k(y) = -y**3 + y**2 - 21. Let h be 40/(-220) + (-4)/(-22). Determine k(h).
-21
Let k(g) be the first derivative of -3*g**2/2 - 5*g - 48. What is k(-6)?
13
Let t(q) = -9*q + 32. Let j(g) = 4*g - 21. Let s(r) = -5*j(r) - 2*t(r). Give s(22).
-3
Let i = -63 - -63. Suppose 2*h + 38 - 40 = i. Let d(b) = 8*b**3 - 2*b + 1. Calculate d(h).
7
Let n(i) = i**3 - 2*i**2 + i - 2. Let k be n(2). Let w be (k - (1 + -1))/3. Let m(v) = 2*v - 3*v + w*v. Give m(-4).
4
Let i be (-1)/(1/(-5))*-8. Let s(a) = 65*a + 105. Let c(j) = -5*j - 8. Let d(v) = i*c(v) - 3*s(v). What is d(-4)?
-15
Let y(r) = r**3 - 7*r**2 + 7*r - 1. Let q be y(6). Suppose q*h = 4*d - 6, -4*h - 4*d + 22 = -h. Let u(j) = -96 + j**h + 96 + 2*j. Determine u(-4).
8
Let b(p) = p + 6. Let c be b(-3). Let y(x) = x - 5 - 15*x**3 + 6 + 5*x**c. Give y(-1).
10
Let h = 328 + -340. Let r(a) = a + 18. What is r(h)?
6
Let z(b) = -b**2 - 5*b + 2. Let g be z(-5). Let w(c) = 1 + 9*c + 7*c - 11*c + 6*c**g + c**3. Let f = 7 - 12. Calculate w(f).
1
Let c(a) = 2*a + 6 + 11 - 23. Suppose -3*g - 5*l + 2 + 23 = 0, -l = -5. Suppose 0 = -3*v + 2*n + 16, -4*v + 2*n + 2*n + 20 = g. Calculate c(v).
6
Let u(b) = -b**3 - 6*b**2 - 3*b + 5. Let d be -1 + (-1)/(-2)*-10. Let r be u(d). Let m(f) = 11 + 13 - f - r. Determine m(1).
0
Let k(d) be the second derivative of -d**3/2 + 7*d**2/2 - 29*d + 7. 